
List the prime factors of 3416561.
19, 179819
List the prime factors of 2422231.
7, 293, 1181
What are the prime factors of 1321837135?
5, 179, 1476913
What are the prime factors of 343870207?
343870207
What are the prime factors of 4598854?
2, 13, 73, 2423
What are the prime factors of 3594487?
13, 276499
What are the prime factors of 4085289651?
3, 41, 2593, 12809
What are the prime factors of 86255663?
13, 6635051
What are the prime factors of 152171547?
3, 11, 499, 9241
List the prime factors of 1421990715.
3, 5, 94799381
List the prime factors of 3003078167.
179, 16776973
What are the prime factors of 2281015595?
5, 241, 541, 3499
List the prime factors of 242800328.
2, 23, 1319567
What are the prime factors of 6171170413?
43, 73, 1965967
What are the prime factors of 127922271?
3, 42640757
What are the prime factors of 39107028?
2, 3, 3258919
What are the prime factors of 100511024?
2, 367, 17117
What are the prime factors of 42032258?
2, 21016129
What are the prime factors of 222424341?
3, 113, 656119
List the prime factors of 565675243.
7, 80810749
What are the prime factors of 2741210895?
3, 5, 182747393
List the prime factors of 82687022.
2, 11, 43, 87407
List the prime factors of 37942833.
3, 12647611
What are the prime factors of 30802550?
2, 5, 616051
What are the prime factors of 65186979?
3, 11, 13, 47, 53, 61
What are the prime factors of 1143975125?
5, 9151801
List the prime factors of 1101716466.
2, 3, 183619411
What are the prime factors of 62524615?
5, 12504923
List the prime factors of 135356125.
5, 17, 63697
What are the prime factors of 2247393969?
3, 149, 859, 1951
What are the prime factors of 246972955?
5, 49394591
List the prime factors of 2963669195.
5, 592733839
What are the prime factors of 378235728?
2, 3, 13, 202049
List the prime factors of 40825561.
7, 233, 25031
What are the prime factors of 512706837?
3, 523, 326773
What are the prime factors of 1767976961?
19, 93051419
List the prime factors of 3369867078.
2, 3, 561644513
List the prime factors of 1221112.
2, 152639
List the prime factors of 833757917.
29, 43, 668611
What are the prime factors of 33134299?
11, 3012209
What are the prime factors of 10227705?
3, 5, 307, 2221
List the prime factors of 173161211.
3299, 52489
What are the prime factors of 858789940?
2, 5, 42939497
What are the prime factors of 142768055?
5, 28553611
List the prime factors of 388356030.
2, 3, 5, 4315067
List the prime factors of 2468770948.
2, 7, 3359, 26249
List the prime factors of 413534974.
2, 313, 660599
What are the prime factors of 107195339?
29, 3696391
List the prime factors of 6532019737.
3581, 1824077
List the prime factors of 88382633.
29, 73, 83, 503
What are the prime factors of 564683827?
307, 1839361
What are the prime factors of 233007636?
2, 3, 19417303
List the prime factors of 312125016.
2, 3, 7, 1857887
What are the prime factors of 72146119?
73, 109, 9067
What are the prime factors of 17282397?
3, 11, 367, 1427
List the prime factors of 8563402989.
3, 17713, 53717
List the prime factors of 27036726.
2, 3, 4506121
What are the prime factors of 226010916?
2, 3, 2039, 3079
List the prime factors of 1101319419.
3, 23, 331, 48221
List the prime factors of 795318309.
3, 88368701
List the prime factors of 237812586.
2, 3, 11, 29, 124249
List the prime factors of 701609156.
2, 43, 4079123
List the prime factors of 8313513.
3, 13, 59, 3613
List the prime factors of 205689962.
2, 127, 809803
List the prime factors of 74759960.
2, 5, 11, 169909
What are the prime factors of 26005213?
13, 153877
List the prime factors of 449982590.
2, 5, 127, 354317
List the prime factors of 54738968.
2, 2357, 2903
List the prime factors of 5370515867.
269, 19964743
List the prime factors of 15645350.
2, 5, 7, 44701
List the prime factors of 5179508085.
3, 5, 37, 9332447
List the prime factors of 145950041.
43, 941, 3607
What are the prime factors of 260258038?
2, 269, 483751
What are the prime factors of 65822970?
2, 3, 5, 283, 7753
What are the prime factors of 4974739986?
2, 3, 829123331
What are the prime factors of 1203805883?
7, 24567467
What are the prime factors of 224458099?
224458099
What are the prime factors of 9340706?
2, 4670353
List the prime factors of 232950432.
2, 3, 11, 13, 71, 239
List the prime factors of 166108690.
2, 5, 11, 599, 2521
List the prime factors of 105845448.
2, 3, 23, 191749
What are the prime factors of 1725457481?
11, 7013, 22367
List the prime factors of 76084389.
3, 8453821
List the prime factors of 486176205.
3, 5, 5323, 6089
What are the prime factors of 1015446278?
2, 7, 11, 17, 37, 953
What are the prime factors of 305743755?
3, 5, 20382917
List the prime factors of 7809784.
2, 397, 2459
What are the prime factors of 106554197?
3527, 30211
What are the prime factors of 912156848?
2, 41, 1390483
List the prime factors of 193152928.
2, 1061, 5689
What are the prime factors of 2106016636?
2, 526504159
What are the prime factors of 1234876945?
5, 53, 4659913
What are the prime factors of 517878770?
2, 5, 51787877
List the prime factors of 1158827571.
3, 11, 139, 84211
List the prime factors of 163068910.
2, 5, 16306891
What are the prime factors of 46433100?
2, 3, 5, 7, 22111
List the prime factors of 5642062791.
3, 293, 311, 20639
List the prime factors of 2039497676.
2, 23, 113, 196181
List the prime factors of 465535023.
3, 223, 695867
What are the prime factors of 8697767160?
2, 3, 5, 72481393
List the prime factors of 3755313.
3, 41, 10177
What are the prime factors of 1659684678?
2, 3, 276614113
What are the prime factors of 65802898?
2, 7, 83, 56629
List the prime factors of 628717370.
2, 5, 41, 1533457
What are the prime factors of 70705097?
70705097
List the prime factors of 285741576.
2, 3, 17, 47, 4967
What are the prime factors of 233515811?
14669, 15919
What are the prime factors of 3161567146?
2, 17, 809, 114941
What are the prime factors of 182556681?
3, 23, 2645749
List the prime factors of 3674038.
2, 709, 2591
What are the prime factors of 3836592455?
5, 173, 4435367
List the prime factors of 1155733912.
2, 41, 3523579
What are the prime factors of 85296000?
2, 3, 5, 1777
List the prime factors of 3645223295.
5, 7, 29, 199, 18047
What are the prime factors of 318419760?
2, 3, 5, 53, 25033
What are the prime factors of 436020591?
3, 23, 127, 49757
List the prime factors of 258498089.
757, 341477
List the prime factors of 71381138.
2, 19, 1878451
List the prime factors of 141001493.
141001493
What are the prime factors of 108206518?
2, 7, 7729037
List the prime factors of 2422208473.
389, 6226757
List the prime factors of 110978675.
5, 821, 5407
What are the prime factors of 25116331?
25116331
List the prime factors of 70124067.
3, 13, 163, 3677
List the prime factors of 126454524.
2, 3, 7, 1505411
List the prime factors of 154450832.
2, 257, 37561
What are the prime factors of 1439398177?
7, 17, 1727969
List the prime factors of 69518426.
2, 167, 208139
List the prime factors of 1965952063.
17, 115644239
List the prime factors of 427688417.
13, 32899109
What are the prime factors of 569360714?
2, 13, 2939, 7451
List the prime factors of 1978260145.
5, 19, 1095989
What are the prime factors of 4594352164?
2, 1148588041
List the prime factors of 138085303.
149, 926747
List the prime factors of 132662529.
3, 47, 34847
List the prime factors of 235657623.
3, 59, 1331399
List the prime factors of 91438211.
37, 269, 9187
List the prime factors of 1005152388.
2, 3, 61, 1373159
List the prime factors of 2572503552.
2, 3, 43, 12983
What are the prime factors of 57865696?
2, 7, 258329
What are the prime factors of 138160678?
2, 23, 271, 11083
List the prime factors of 257591953.
257591953
List the prime factors of 136632489.
3, 7, 23, 457, 619
What are the prime factors of 23980878?
2, 3, 293, 4547
List the prime factors of 3048733601.
25931, 117571
List the prime factors of 131285514.
2, 3, 21880919
What are the prime factors of 510692893?
79, 797, 8111
What are the prime factors of 241424507?
19, 29, 83, 5279
What are the prime factors of 984022819?
13, 75694063
List the prime factors of 23580074.
2, 7, 29, 8297
What are the prime factors of 46667233?
349, 133717
List the prime factors of 1921128794.
2, 13, 79, 71947
What are the pri